e the highest common divisor of u and 121.
11
Let h be 126/26 + (-4)/(-26). What is the highest common factor of h and 15?
5
Let y = 2 - -3. Suppose 45 = y*p - 15. Calculate the greatest common factor of p and 132.
12
Suppose 2*z = 193 + 123. Let j = z - 113. What is the greatest common divisor of 30 and j?
15
Let c = -10 - -14. Suppose -c*b - j = -11, -b + 4*j + 4 + 3 = 0. What is the highest common divisor of 24 and b?
3
Let p(l) = 2*l**2 - 12*l - 2. Let q be p(7). Calculate the highest common factor of 8 and q.
4
Suppose -k + 4*q = -25, 2*k - q + 2*q = 77. Let i = k + 83. What is the greatest common factor of i and 15?
15
Let x = 31 + -11. Calculate the highest common factor of 60 and x.
20
Suppose -3*o + 126 = -5*u, o - u - 5 = 35. What is the greatest common factor of o and 148?
37
Let u be ((-6)/4)/((-9)/12). Let i be 5/20 - 30/(-8). Suppose -l + i*l - 54 = 0. What is the highest common divisor of u and l?
2
Let m(k) = -3*k. Let u be m(-5). Calculate the greatest common divisor of u and 120.
15
Suppose 0 = -4*b + 20 - 12. Calculate the greatest common factor of b and 22.
2
Suppose 3*v = -3*z + 6, 2*z - 4*v - v - 4 = 0. Let d = 5 + -3. What is the highest common factor of z and d?
2
Let r be 54*(15/(-10) - -2). Calculate the highest common factor of r and 3.
3
Suppose -u + 15 = 4*u. Calculate the highest common factor of 24 and u.
3
Let m = 0 + -2. Let z be (-48)/9*75/m. What is the greatest common divisor of 25 and z?
25
Let h = 32 + -16. Suppose -3*c - 64 = -11*c. Calculate the highest common factor of c and h.
8
Suppose 9 = 3*v + 3*z - 6, z - 10 = -2*v. Suppose -2*k - v = -7*k. Suppose 0*q = 3*q + g - 30, -4*g - 24 = -4*q. What is the highest common divisor of q and k?
1
Let i(t) = -t**3 - 5*t**2 - 5*t - 2. Let p be i(-4). Let j be (4 - 2)*-3*-3. What is the highest common divisor of j and p?
2
Suppose -4*c + 285 = 29. Let s(k) = -k**3 + 8*k**2 - 9*k. Let y be s(6). Suppose 2*l - y = 14. What is the greatest common factor of l and c?
16
Suppose 2*u - 506 = -0*u. Suppose -j + 0*j = -23. Calculate the highest common divisor of u and j.
23
Let p be 2/(-8) - 1463/(-28). Suppose m - 2*l = -m + 36, -5*m + 75 = -2*l. Calculate the greatest common factor of p and m.
13
Let p be 22*(5 - (-9)/(-2)). What is the greatest common factor of 33 and p?
11
Let p be -3 - -9 - (0 + 1). Suppose -5*z + 14 = 4. What is the highest common factor of z and p?
1
Suppose 3*a - 6 + 19 = -5*z, -5*a + z = -25. Suppose y = a*y - 6. What is the highest common factor of y and 16?
2
Suppose -86 = -4*t + 354. Let u(b) = -b**3 + 6*b**2 - 2*b - 5. Let x be u(5). What is the highest common divisor of x and t?
10
Let j be (-1)/(-7) - ((-83)/7 + -5). Calculate the greatest common divisor of j and 68.
17
Let g = 139 + 51. Calculate the highest common factor of g and 38.
38
Let a(j) = -j + 11. Let q be a(4). What is the highest common factor of q and 1?
1
Suppose 3*h = b + 192, h - 6*b - 64 = -2*b. What is the greatest common factor of h and 16?
16
Let j = -27 - -57. What is the highest common factor of j and 90?
30
Let j(m) = m**3 - m + 1. Let b be j(0). Let f be (1/2)/(b/32). Let w be 1 - (2 + -33*(-2)/(-2)). Calculate the greatest common divisor of f and w.
16
Suppose 4*w - 7 = 25. Calculate the highest common divisor of w and 48.
8
Let m be 0 - 0 - 42/(-1). Suppose -5*l = -4*z + 66, 2*l + 20 = 2*z - 12. What is the highest common divisor of m and z?
14
Let j be ((-10)/(-15))/(2/12*4). What is the highest common factor of j and 5?
1
Let m be (-11)/(-3)*(1 + 2). Let h = 2 - 0. Suppose -237 = -3*i - 2*c, h*i - 5*c = i + 62. Calculate the highest common factor of i and m.
11
Suppose -415 = -8*o - 103. What is the greatest common divisor of o and 351?
39
Let t = -15 + 37. What is the greatest common divisor of t and 11?
11
Suppose 5*c = -0*c + 150. What is the highest common factor of 6 and c?
6
Suppose -2*o + 57 = 15. What is the highest common factor of 7 and o?
7
Let k = 4 - 2. Let z be k*(-6)/8*-8. Let i be (-20)/(-1 - (-9)/z). What is the highest common factor of i and 10?
10
Let r(n) = -3*n**2 - 13*n + 5. Let h(x) = -2*x**2 - 6*x + 2. Let g(o) = 5*h(o) - 3*r(o). Let q be g(6). What is the highest common factor of 13 and q?
13
Suppose 3*w = 5*b - 169, 5*b - w = w + 171. Calculate the highest common divisor of 7 and b.
7
Let t = 12 - 3. Calculate the highest common factor of t and 99.
9
Let u(n) = 2*n - 4. Let c be u(6). Suppose 5*p + 17 + c = 0. Let z(y) = -y**2 - 5*y + 6. Let x be z(p). Calculate the highest common divisor of 42 and x.
6
Let h = 123 - 68. Suppose 0 = -3*c - 11 - 4. Let t = c + 10. What is the highest common divisor of h and t?
5
Let s be 2 - (-62 - -1) - (-4 + 3). Calculate the highest common divisor of s and 16.
16
Let y = 2 + 16. Let f be -2 - (-5 - (3 + -4)). What is the greatest common divisor of y and f?
2
Let w(z) be the first derivative of z**2/2 + 19*z - 2. Let n be w(-9). Calculate the greatest common factor of n and 4.
2
Suppose 0 = 10*d - 8*d - 8. What is the highest common factor of d and 36?
4
Suppose 5*m + 1 - 491 = 0. Let l(n) = -2*n**2 + 39*n - 5. Let d be l(19). What is the highest common factor of d and m?
14
Suppose 10 = -2*c, -c - 12 = 2*u + 3*c. What is the greatest common divisor of 4 and u?
4
Let i(r) = -r**2 - 26*r - 24. Let g be i(-20). What is the highest common factor of 6 and g?
6
Suppose 5*r - 2*o - 23 = 0, -4*o - 4 = 5*r - 3. Let b(j) = -6*j - 35. Let a be b(-6). What is the highest common factor of a and r?
1
Let v = 0 + 6. Suppose -v*r = -2*r - 8. Calculate the greatest common factor of r and 3.
1
Let y(x) = x**3 - 10*x**2 + 3*x - 12. Let z be y(10). Calculate the highest common divisor of z and 27.
9
Suppose -2*f - 87 = 5*t - 235, -2*t - 5*f + 55 = 0. Let g be -16*4/(0 + 4). Let u = g - -26. Calculate the greatest common divisor of u and t.
10
Let o(s) = s**3 + 4*s**2 - 3*s + 7. Let x be o(-5). Let c be -1 - (-2)/x*3. Let m(b) = -4*b. Let n be m(c). What is the highest common divisor of n and 60?
12
Let t(w) = 4*w - 173. Let l be t(46). Let k be (119 + 2)*(2 + -1). What is the greatest common divisor of l and k?
11
Suppose -11*h + 7 + 4 = 0. Calculate the greatest common divisor of 2 and h.
1
Let i = -10 + 13. Let h(k) = 5*k**3 - 3*k**2 + 2. Let s be h(i). Let q = -14 - -25. What is the highest common divisor of s and q?
11
Let j be 2/18 + (-159)/(-27). Calculate the greatest common divisor of 54 and j.
6
Let h(v) = v**3 - 5*v**2 - 4*v + 6. Let y be h(6). Suppose -l + 4*l - y = 0. What is the highest common factor of l and 66?
6
Let v be ((-4)/6)/(3/9). Let y be 6/(-3) + 24 - v. What is the greatest common divisor of y and 36?
12
Suppose -4*h - 5*z + 23 = 0, z + 3 = -4*h + 30. Calculate the highest common factor of h and 63.
7
Let y(s) = -s**2 - 16*s + 9. Let n be y(-16). What is the highest common factor of 72 and n?
9
Let n(l) = -l**2 + 20*l - 29. Let b be n(16). What is the greatest common factor of 105 and b?
35
Let r = 38 + -8. Calculate the greatest common factor of r and 6.
6
Let w(z) = 4*z**2 + 4*z + 2. Suppose -4*r - 1 = 7. Let k be w(r). Calculate the greatest common divisor of k and 15.
5
Let h(l) = 13*l - 9. Let u be h(4). Calculate the highest common factor of 43 and u.
43
Let h be 57/(1 - (-10)/(-4)). Let x = 31 - 45. Let u = x - h. Calculate the greatest common factor of u and 60.
12
Let h be 1/(-2) - 5/2. Let p = h - 7. Let w = p - -16. What is the highest common divisor of 66 and w?
6
Let x be (-2156)/(-70) - 4/5. What is the highest common factor of 30 and x?
30
Let g(d) = 2*d**2 + 11*d + 6. Let w be g(-6). Calculate the highest common factor of 132 and w.
12
Let u = -2 - -3. Let v be (-1 - -2)/u + 55. Suppose -2*b + b + 7 = 0. What is the highest common factor of b and v?
7
Let q be 12/(-20)*(-3 - 7). Let c be 0 - q/(1 - 4). What is the greatest common factor of c and 16?
2
Let p = -36 - -21. Let i = -27 - p. Let u be (i/10)/(10/(-200)). What is the highest common factor of 36 and u?
12
Let c(r) = -r**3 - 6*r**2 - 2. Let q be c(-8). What is the highest common divisor of q and 18?
18
Let h(c) = 3*c + 10. Let r be h(-2). What is the greatest common factor of r and 16?
4
Suppose -2*h - 36 = 4*h. Let m = -60 - -130. Let q be (-2)/h + m/6. Calculate the greatest common divisor of 24 and q.
12
Suppose -5*